- 5*y + 2*y + 31 = 0, -25 = -3*i - 5*y. Suppose -2*x + i*m = 2*m - 1488, -x + 755 = 4*m. What is the highest common divisor of 83 and x?
83
Let d be -12 + -6 + 10 - 7. Let w be d/120 + 3603/24. Calculate the greatest common divisor of 12 and w.
6
Suppose -362556 = 9*x - 90*x. Calculate the highest common divisor of x and 12.
12
Suppose 316*n - 311*n = -410. Let o = 87 + n. Let j = -21 + 56. Calculate the highest common divisor of o and j.
5
Let o be (1070 - (0 + 0))*50/125. Let c = o + 104. Calculate the greatest common factor of c and 28.
28
Suppose -11387 = -530*d + 803. Calculate the greatest common factor of d and 1748.
23
Let o be (122*(-6)/(-16))/(-33 - 11628/(-352)). Calculate the greatest common factor of o and 183.
61
Let y = -4295 - -4958. Calculate the highest common divisor of 17 and y.
17
Let q be (-8)/6 - 980/(-42). Let i = 30 - q. Let m be 36/(-54)*4/(i/(-15)). Calculate the highest common factor of m and 25.
5
Suppose t + 7 = -2. Let m(b) = -12*b + 27. Let k(a) = 5*a + 1. Let x(u) = 3*k(u) + m(u). Let g be x(t). What is the greatest common divisor of 6 and g?
3
Suppose -45*f = -19393 + 18178. Suppose 5*x - 180 - 5355 = 2*n, 0 = 5*x - 4*n - 5535. What is the greatest common divisor of f and x?
27
Let t(b) = 5*b**3 - 4*b - 15. Let g be t(-3). Let n = 178 + g. Calculate the greatest common divisor of 440 and n.
40
Let c(o) = 20*o**2 + 61*o + 126. Let g be c(-2). What is the greatest common factor of 648 and g?
12
Let d = -4 + 7. Suppose 0 = -d*u + 2*x - 5, 2*u + 2*x = 10. What is the greatest common factor of 1 and u?
1
Let i(w) = 6*w - 14. Let f be i(3). Let z be -1*(3/6)/(f/(-176)). Suppose 0 = 2*j + j - 99. Calculate the highest common divisor of z and j.
11
Suppose -64*l + 20492 = -17*l. Calculate the highest common factor of 3161 and l.
109
Let k be ((-4428)/205)/((-16)/20) + -3. Suppose -b + 3 = -0*b. What is the highest common divisor of k and b?
3
Let b = -8329 - -8572. Calculate the greatest common factor of 189 and b.
27
Let m be 1*-4*411/(-6). Suppose m = 2*c - 4*x, 2*x = -c + x + 146. What is the greatest common factor of 33 and c?
11
Let b = -693 - -977. Suppose 0 = 3*x + 2*c - b - 300, -3*c = -x + 213. Let q be (-28)/98 - x/(-7). What is the highest common factor of 140 and q?
28
Suppose 4*f + 5*m = 64, -5*f + 99 + 30 = -6*m. Let p(l) = l**2 + l - 1. Let h be p(-2). Let b be (105/20)/(h/44). What is the highest common factor of f and b?
21
Suppose 22*c = 25*c - 18. Let i(n) = n**3 - 12*n**2 + 10*n + 9. Let k be i(11). Let z be (3/6)/(k/(-384)). Calculate the highest common divisor of c and z.
6
Let l(w) = 94*w**2 - 153*w + 1502. Let y be l(14). What is the greatest common divisor of 26 and y?
26
Let t = -116 + 455. Let p = -338 + t. What is the greatest common factor of 17 and p?
1
Let f(h) = 83*h - 335. Let s be f(4). Suppose 0 = -5*t + 3*t + 120. Let u be ((-3)/5)/(s/(t/2)). Calculate the greatest common factor of 21 and u.
3
Suppose 3*v + 106*a = 111*a + 73, 0 = 6*v - a - 155. What is the greatest common factor of v and 6123?
13
Let x be ((-49)/(-2))/(4/8). Let y(a) = 6*a**3 - 18*a**2 - 22*a + 13. Let j be y(4). Calculate the highest common factor of x and j.
7
Suppose -50*k - 10010 = -85*k. Calculate the highest common divisor of k and 806.
26
Let h(o) = -6 - 30*o**2 + 29*o**2 - 2*o**3 - 2 - 6*o. Let x be h(-2). Calculate the greatest common factor of x and 32.
16
Let h = 67 - 1. Let r be (-14)/77*h/(-3). Calculate the greatest common factor of 16 and r.
4
Let u(m) = -m**3 - 12*m**2 - 14*m - 18. Let t be u(-11). Calculate the highest common factor of 245 and t.
5
Let j = -4091 + 4095. Calculate the greatest common divisor of 174 and j.
2
Suppose 5*f + 2*d = 16, -4*f + 4*d - 4 = -0. Let u be 8 + 56/(42/(-6)). Suppose u = 5*g - 1402 + 1322. Calculate the highest common factor of g and f.
2
Let k = -596 + 659. Let i be 24/40*2*5. Suppose 9*t = i*t + 27. Calculate the highest common divisor of t and k.
9
Let m be 860 - (6 + -9 + 4) - -5. What is the highest common factor of m and 768?
96
Let s(q) = -6*q + 2. Let v be s(-16). Let f be (-826)/(-354) - (-868)/6. Calculate the greatest common factor of v and f.
49
Let q be 23/((-207)/(-1494)) + (7 - -1). Calculate the highest common factor of 18096 and q.
174
Let w(m) = m**2 + 8*m + 6. Let z be w(-7). Let t = 107 - z. Suppose 2*c + 72 = 8*c. Calculate the highest common divisor of t and c.
12
Let i be 3/(-17)*4284/(-54). Let u(d) = 15*d**2 - 1. Let v be u(-1). What is the highest common factor of v and i?
14
Suppose 5*h = -4*l + 81 - 21, 5*h - 60 = 4*l. Calculate the greatest common divisor of h and 27.
3
Let q = 7802 - 7757. Calculate the highest common divisor of q and 11.
1
Suppose -3*l = -15, -23*c - 5*l = -19*c - 45. Let m be (-118)/(-5) + 2/c. Calculate the greatest common divisor of m and 3.
3
Let b = -767 + 803. Suppose -3306 = -b*y + 1374. What is the greatest common divisor of y and 15?
5
Let n = -15140 - -16845. Calculate the highest common divisor of n and 310.
155
Suppose 0 = 4*d - 5*o - 864, 27*d + 2*o = 32*d - 1097. Let g = 51 - 34. Calculate the highest common factor of d and g.
17
Suppose 14 + 15 = -2*r - t, 2*r + 5*t + 41 = 0. Let y be (12 + r)*(-1 - 2). Let w be 0 + -2 - 1*-8. Calculate the highest common factor of w and y.
3
Suppose 3*x - 2*c + 50 = 5*x, 4*c + 140 = 4*x. Let t = 2433 - 2413. Calculate the greatest common divisor of x and t.
10
Suppose 0 = 1087*r - 1078*r - 1620. What is the highest common divisor of r and 420?
60
Suppose 4*v = 517*f - 521*f + 456, 2*f - 264 = 4*v. What is the highest common divisor of f and 8340?
60
Suppose -463 = -173*m + 1613. What is the greatest common factor of m and 212?
4
Suppose 5*t - 294336 = -28*t - 30*t. What is the highest common divisor of t and 73?
73
Suppose b - 5*l - 1813 = 1521, -2*b + 2*l + 6604 = 0. What is the highest common factor of b and 12?
6
Suppose 392 = -44*w + 208 + 1504. Calculate the greatest common divisor of w and 435.
15
Suppose 174*h + 23109 = 176*h - 5*n, 4*n = -2*h + 23154. Calculate the highest common divisor of 43 and h.
43
Let t be (-4248045)/(-540) + (-6)/8. Calculate the highest common factor of t and 114.
114
Let w = -11199 + 13889. What is the highest common divisor of w and 180?
10
Suppose 0 = 6*b - 104 + 32. Suppose -3*m - 21 = -3*y, 0 = 7*y - 4*y - 5*m - 19. Calculate the greatest common divisor of y and b.
4
Let j be (24/(-10))/((-1)/10). Suppose 11 = 2*i + 5*a - j, 3*i + 2*a - 25 = 0. Suppose 20 = 2*l - 30. Calculate the greatest common divisor of i and l.
5
Let o(j) = -37*j - 50. Let w be o(-8). Let n = -226 + w. What is the greatest common divisor of 10 and n?
10
Let h be 4/(-6)*6 - -67. Suppose -13*p + 2146 - 404 = 0. Let g = -127 + p. Calculate the greatest common factor of g and h.
7
Let s(k) = 42*k**2 - 15*k - 30. Let w be s(-2). Let v = 1642 - 1570. Calculate the highest common factor of v and w.
24
Let s be ((-36)/10)/(2 - -1 - (-963)/(-320)). Calculate the highest common divisor of s and 18.
6
Let v(i) = -14*i - 23. Suppose 4*k - 5*x = -49, k - 4*x + 13 = -13. Let c be v(k). What is the highest common factor of c and 793?
61
Let t = 44206 + -13420. What is the greatest common factor of t and 28?
14
Let i(k) = 4*k + 4. Let d be i(-7). Let o = 14 - d. Suppose -4*u + o = -506. What is the highest common factor of 17 and u?
17
Let m = -8 - -32. Let a be ((36/7)/2)/(-2*66/(-308)). What is the greatest common factor of m and a?
6
Suppose 9*w + 187 = 763. Calculate the highest common factor of w and 2624.
64
Let l(x) = -20*x**3 + 5*x**2 - 80*x - 336. Let v be l(-4). Calculate the highest common factor of v and 512.
64
Suppose 2*b + 20 + 66 = w, 0 = 3*w - b - 283. Let j(l) = -2*l**3 + 21*l**2 - 7*l - 12. Let q be j(9). Calculate the greatest common factor of w and q.
24
Let x(o) = -o**3 - 56*o**2 + 3*o - 3023. Let z be x(-57). Let g(p) = p**3 - 2*p**2 - 7*p + 6. Let j be g(4). What is the greatest common factor of j and z?
5
Let g be (-18)/(-24) + 1/4 - -202. Suppose 6*t - g = -t. What is the highest common divisor of t and 29?
29
Let d(l) = -l**3 - 23*l**2 - 26*l - 43. Let z be d(-22). Suppose 5*j - 37 = 4*q, -z = -4*j - q - 7. Calculate the highest common factor of j and 21.
3
Suppose 12350 = 6615*q - 6602*q. Let v = -154 - -192. What is the highest common factor